{"id":1301,"date":"2021-04-10T07:32:19","date_gmt":"2021-04-10T07:32:19","guid":{"rendered":"https:\/\/folksyblues.com\/?page_id=1301"},"modified":"2022-09-19T15:18:19","modified_gmt":"2022-09-19T15:18:19","slug":"paul-banks-2","status":"publish","type":"page","link":"https:\/\/folksyblues.com\/?page_id=1301","title":{"rendered":"Paul Banks"},"content":{"rendered":"\n<p><strong>Av Johnny Petersen<\/strong>, 2020<\/p>\n\n\n\n<p><strong>En Amerikan i K\u00f6penhamn<\/strong><\/p>\n\n\n\n<p>K\u00f6penhamn har under m\u00e5nga \u00e5r attraherat Amerikanska musiker \u2013 eller \u00e4r det kanske de Danska damerna? En av dem \u00e4r den sp\u00e4nnande gitarristen och mandolinisten Paul Banks. F\u00f6dd i Denver, uppv\u00e4xt i Chicago, flyttade han till K\u00f6penhamn med sin styvfar redan vid nio \u00e5rs \u00e5lder 1961. S\u00e5 trots att han \u00e4r gift med en vacker Danska s\u00e5 var det i hans fall nog inte damernas lockelse. K\u00f6penhamn \u00e4r ocks\u00e5 var han har bott sedan dess, med undantag f\u00f6r en kort sejour i Philadelphia.<\/p>\n\n\n\n<p>Han p\u00e5b\u00f6rjade sin musikaliska karri\u00e4r genom att l\u00e4ra sig att spela gitarr n\u00e4r han var 11. Han blev f\u00f6r\u00e4lskad i den och \u00e4r det fortfarande, vilket man tydligt h\u00f6r man lyssnar till honom och hans breda flexibilitet p\u00e5 instrumentet. Han har dock inte bara fastnat f\u00f6r gitarren utan mandolinen ligger honom ocks\u00e5 varmt om hj\u00e4rtat. Paul v\u00e4xte upp med folkmusik d\u00e5 hans mor och styvfar drev klubbarna The Purple Door och The Purple Room i Chicago. \u00c4ven i K\u00f6penhamn startade de upp ett Purple Door p\u00e5 ett caf\u00e9.<\/p>\n\n\n\n<p>Hans tidiga musikaliska hj\u00e4ltar inkluderade m\u00e5nga av de klassiska akustiska musikerna, s\u00e4rskilt d\u00e5 Big Bill Broonzy&#8217;s akustiska insoelningar, Mississippi John Hurt, Reverend Gary Davis, Lightnin&#8217; Hopkins och Blind Lemon Jefferson.&nbsp; Han var ocks\u00e5 ett stort fan av The Staples Singers, Mahalia Jackson, The Weavers, Peter Seeger &#8211; samt The Stanley Brothers och olika Bluegrass grupper.<\/p>\n\n\n\n<p>N\u00e4r Bob Dylan d\u00f6r upp p\u00e5 scenen f\u00f6r\u00e4ndrades allt och han fokuserade p\u00e5 tidens aktuella singer\/songwriters. Det fanns s\u00e5 m\u00e5nga. En handfull av dem han lyssnade intensivt p\u00e5 var Joni Mitchell, Bob Dylan, Tom Waits, Bert Jansch, Gillian Welch och ett dussin andra. Paul Banks har varit heltids-musiker sen han hoppade av Jurist-utbildningen n\u00e4r han var 22.&nbsp;<\/p>\n\n\n\n<p>Tidigt -70-tal blev han ett h\u00e4ngivet Hendrix-fan och under n\u00e5gra \u00e5r efter det lyssnade han mest p\u00e5 Soul Music. P\u00e5 -80-talet fick han upp \u00f6ronen f\u00f6r Jazz och lyssnade p\u00e5 storheter som Joni Mitchell, Bob Dylan, Tom Waits, Bert Jansch, Gillian Welch etc. Som om det inte var nog s\u00e5 visar det sig att han f\u00f6rtjust i Beethovens Str\u00e4ng-kvartetter och p\u00e5 senare tid har han blivit Opera-fr\u00e4lst. Men r\u00f6tterna sitter djupt och hans senaste musik-hj\u00e4lte \u00e4r mandolinisten Chris Thile.<\/p>\n\n\n\n<p>Banks har upptr\u00e4tt runtom i Europa under \u00e5ren, mest i Tyskland, Norge och Sverige (Han har spelat i T\u00e4ltet flera g\u00e5nger). \u00c4ven Frankrike, Schweiz och Holland har varit hans spelplatser vid n\u00e5gra tillf\u00e4llen. Naturligtvis spelade han mycket under sin tid i Philadelphia ocks\u00e5.<\/p>\n\n\n\n<p>Hans allra f\u00f6rsta professionella gigvar med hans syster \u2013 hon sj\u00f6ng och hans spelade gitarr. Unge Paul turnerade ocks\u00e5 tidigt runt folkmusik-scenerna i Danmark och Tyskland med sin styvfar Jo Banks. Under slutet av -70-taler p\u00e5b\u00f6rjade han ett samarbete som fortfarande varar med munspels-virtuosen J\u00f8rgen Lang och lite senare med violinisten Martin Andersen och bassisten Hugo Rasmussen (numera bortg\u00e5ngen).&nbsp;De bildar tillsammans bandet Musikkorkesteret.<\/p>\n\n\n\n<p>Under 2000-talet har vi frekvent sett Paul Banks som en vital del av The Scandinavian Blues Jamboree samt som duo med Svante Sj\u00f6blom och nyligen med sonen Peter Banks. Listan kan g\u00f6ras mycket l\u00e4ngre. N\u00e4r vi st\u00e4ller den obligatoriska fr\u00e5gan om vem han skulle vilja bjuda hit f\u00f6r att spela med f\u00e5r vi det ospecifika svaret: \u201dJag har haft f\u00f6rm\u00e5nen att f\u00e5 spela med en handfull musiker som jag uppskattar mycket &#8211; Bert Jansch, Martin Jenkins, Sonny Terry and Brownie McGee, Champion Jack Dupree, Louisiana Red, Don Partridge, Charlie McCoy, Pig Robbins, Kenny Malone och m\u00e5nga andra.\u201d Paul vet inte vilken av dem han skulle v\u00e4lja.&nbsp;<\/p>\n\n\n\n<p>Om man skall f\u00f6s\u00f6ka sig p\u00e5 att beskriva Paul Banks musik s\u00e5 \u00e4r nog den b\u00e4sta definition Akustisk Countryblues med en jazz-k\u00e4nsla. Han ses alltid spela p\u00e5 sin \u00e4lskade akustiska Larive\u00e9 gitarr och en gammal Gibson-mandolin. Oftast hittar man honom p\u00e5 en av hans tv\u00e5 favorit-scener i K\u00f6penhamn, Mojo och Bartof Caf\u00e9.<\/p>\n\n\n\n<p>Paul Banks som nyligen fyllde 68 har spelat in 15 CDs under \u00e5rens lopp. N\u00e5got ov\u00e4ntat \u00e4r att han ocks\u00e5 g\u00f6r konserter f\u00f6r barn tillsammans med fl\u00f6jtisten Charlotte Halberg. Han har dessutom publicerat en sagobok f\u00f6r barn och \u00f6versatt m\u00e5nga b\u00f6cker, b\u00e5de till och fr\u00e5n Danska.<\/p>\n\n\n\n<p>.<\/p>\n\n\n\n<figure class=\"wp-block-embed is-type-video is-provider-youtube wp-block-embed-youtube wp-embed-aspect-16-9 wp-has-aspect-ratio\"><div class=\"wp-block-embed__wrapper\">\n<iframe loading=\"lazy\" title=\"Paul Banks - Little Red Hen (2011)\" width=\"640\" height=\"360\" src=\"https:\/\/www.youtube.com\/embed\/4hMK_qel-uM?feature=oembed\" frameborder=\"0\" allow=\"accelerometer; autoplay; clipboard-write; encrypted-media; gyroscope; picture-in-picture; web-share\" referrerpolicy=\"strict-origin-when-cross-origin\" allowfullscreen><\/iframe>\n<\/div><\/figure>\n","protected":false},"excerpt":{"rendered":"<p>Av Johnny Petersen, 2020 En Amerikan i K\u00f6penhamn K\u00f6penhamn har under m\u00e5nga \u00e5r attraherat Amerikanska musiker \u2013 eller \u00e4r det kanske de Danska damerna? En av dem \u00e4r den sp\u00e4nnande gitarristen och mandolinisten Paul Banks. F\u00f6dd i Denver, uppv\u00e4xt i Chicago, flyttade han till K\u00f6penhamn med sin styvfar redan vid nio \u00e5rs \u00e5lder 1961. S\u00e5&hellip; <a href=\"https:\/\/folksyblues.com\/?page_id=1301\" class=\"read-more\">Forts\u00e4tt l\u00e4sa Paul Banks<\/a><\/p>\n","protected":false},"author":2,"featured_media":0,"parent":0,"menu_order":0,"comment_status":"closed","ping_status":"closed","template":"","meta":{"footnotes":""},"class_list":["post-1301","page","type-page","status-publish","hentry"],"_links":{"self":[{"href":"https:\/\/folksyblues.com\/index.php?rest_route=\/wp\/v2\/pages\/1301","targetHints":{"allow":["GET"]}}],"collection":[{"href":"https:\/\/folksyblues.com\/index.php?rest_route=\/wp\/v2\/pages"}],"about":[{"href":"https:\/\/folksyblues.com\/index.php?rest_route=\/wp\/v2\/types\/page"}],"author":[{"embeddable":true,"href":"https:\/\/folksyblues.com\/index.php?rest_route=\/wp\/v2\/users\/2"}],"replies":[{"embeddable":true,"href":"https:\/\/folksyblues.com\/index.php?rest_route=%2Fwp%2Fv2%2Fcomments&post=1301"}],"version-history":[{"count":2,"href":"https:\/\/folksyblues.com\/index.php?rest_route=\/wp\/v2\/pages\/1301\/revisions"}],"predecessor-version":[{"id":2084,"href":"https:\/\/folksyblues.com\/index.php?rest_route=\/wp\/v2\/pages\/1301\/revisions\/2084"}],"wp:attachment":[{"href":"https:\/\/folksyblues.com\/index.php?rest_route=%2Fwp%2Fv2%2Fmedia&parent=1301"}],"curies":[{"name":"wp","href":"https:\/\/api.w.org\/{rel}","templated":true}]}}